c - 75 = 10*w - 5*w. What are the prime factors of d(c)?
3, 5, 37
Let c = 3616 + 37630. List the prime factors of c.
2, 41, 503
Let u be 2 + 1/(-6) - (-16)/96. Suppose -5*h + u*h + 13 = 4*w, 0 = 2*w + h - 7. Suppose -a + 3*a - 5*s + w = 0, 3*a - s - 7 = 0. List the prime factors of a.
3
Let g(h) = -26*h + 91. Suppose -x - 5*m - 24 = 0, -5*x = 3*m + 149 - 51. List the prime factors of g(x).
3, 5, 13
Suppose 3*s - 23339 = -4*v, -26*s + 15562 = -24*s + 2*v. List the prime factors of s.
3, 5, 173
Suppose -15*y + 57569 = -60166. What are the prime factors of y?
47, 167
Suppose 2*d - 4*l - 1 - 7 = 0, -3*d + 2 = -l. Suppose 2*j + 5*w = 4*j - 10, 0 = 3*j - w - 2. Suppose j = -5*c - d*c + 510. List the prime factors of c.
2, 3, 17
Suppose 5*a + 207957 = 4*b, -a = -366*b + 363*b + 155954. List the prime factors of b.
227, 229
List the prime factors of (-5)/((-15)/(-21056))*(18 - (-570)/(-19)).
2, 7, 47
Suppose -3*t = -3*g - 42912, 7*t + 28616 = 9*t - 4*g. What are the prime factors of t?
2, 5, 11, 13
Let q(g) = 75*g**2 + 74*g - 987. List the prime factors of q(12).
3, 29, 41
Let x be -4*6*5/(-2). Let y be ((-58)/116)/((-1)/10). Suppose -y*a - 4*n + 332 = 0, -a + 4*n - x = -2*a. What are the prime factors of a?
2, 17
Suppose -4 = 6*a - 10*a. Let m(v) = 234*v - 1. Let z be m(a). Let o = 339 - z. What are the prime factors of o?
2, 53
Let m = 803 + -311. Suppose 308 + m = -4*u. List the prime factors of (u/(-60))/(4/102).
5, 17
Suppose -767 = -2*o + 381. Suppose t - o = -t. List the prime factors of t.
7, 41
Let u be ((-3247)/(-51))/((-1)/(-9)). Let w = -358 + u. List the prime factors of w.
5, 43
Let j(y) = 33*y**2 + 110*y - 786. List the prime factors of j(43).
13, 19, 263
Suppose -12*r = -30 - 30. Suppose 0 = -3*o + 5*o - r*x - 890, 5*o - 2210 = 5*x. Suppose -o = -a - 155. List the prime factors of a.
3, 5, 19
Let d(l) = -17*l - 51 - 1 - 50*l - 2*l. List the prime factors of d(-7).
431
Suppose -w + 896 = 13*w. What are the prime factors of 12/w*692*(-8)/(-3)?
2, 173
Suppose -9*s + 9231 = -26*s. Let o = 19 - s. List the prime factors of o.
2, 281
Let b be (-270)/6*(-2)/6. What are the prime factors of 6/b + 19481/35?
557
Let l(i) = 4*i - 5. Let b be l(2). Suppose 108 = -b*y - 3*y. List the prime factors of (-24)/(-14)*(-63)/y.
2, 3
Let v(d) = d**3 - 8*d**2 + 2*d + 16. Let o be v(6). Let y be 90/(-8)*o/33. What are the prime factors of 5687/22 + (y/(-2))/5?
257
Let b = -58 + 55. Let k be 2 - b/(-1 + 4). What are the prime factors of -3*(-84 - (4 + -2))/k?
2, 43
Let y = -260 + 267. Suppose -9*a = -y*a - 980. List the prime factors of a.
2, 5, 7
Let m(j) = 4*j**3 - 5*j**2 + 5*j - 10. What are the prime factors of m(15)?
2, 5, 311
Let s(w) = w**3 - 2*w - 252. Let a be s(0). Let g = 141 + 371. Let h = a + g. List the prime factors of h.
2, 5, 13
Let d(g) = g**3 + 18*g**2 - 35*g - 90. Let n be d(-20). Let x = n + 490. What are the prime factors of x?
2, 3, 5
Suppose 4*r = -5*y - 30, 2*y = 4*r + y + 18. What are the prime factors of (-9748)/(-20) - (-2)/r?
487
Suppose -l + 5*l + 2*d - 11822 = 0, 5*l + 5*d - 14775 = 0. What are the prime factors of l?
2, 739
Let m = 72978 - 27556. What are the prime factors of m?
2, 13, 1747
Suppose -4*o + 945 + 1223 = 0. Let c be (7812/(-1764))/(1/(-14)). Suppose 4*d - o = c. What are the prime factors of d?
151
List the prime factors of (-9)/((-36)/62104) + 350/50.
7, 317
Suppose -5*b + n = 3*n - 141, 0 = -3*b + 4*n + 95. Let k = 53 + b. List the prime factors of k.
2, 41
Let g(u) = -111*u - 48. Let w be g(-12). Suppose 110*l - 108*l - w = 0. List the prime factors of l.
2, 3, 107
Suppose 167*m - 170344 = 202233. What are the prime factors of m?
23, 97
Suppose 4*a - 4*d = -d + 273, 0 = -d + 5. Suppose -a*j + 64*j = -72. What are the prime factors of j?
3
Let m(h) = -25*h**3 - 5*h**2 - 61*h - 19. What are the prime factors of m(-10)?
11, 2281
Let o(f) = 20*f**3 - 10*f**2 - 3*f - 1. What are the prime factors of o(6)?
7, 563
Let n = 23 - 17. Let f be 2/(n/117*3). Suppose 17*m - f*m - 252 = 0. List the prime factors of m.
3, 7
Let g be 4/3*3 - (174 - -11). Let p = g + 281. Suppose 264 = 4*u - p. List the prime factors of u.
7, 13
Suppose -1 - 1 = 5*j + 2*v, 2*j + 4*v = -4. Suppose j = 3*q - 3*p + 147, -3*q - p - 146 = 5. Let n = -18 - q. What are the prime factors of n?
2
Let s(a) = 11*a + 167. Let w be s(-15). List the prime factors of (0/(-4 + 0) + w)*448.
2, 7
Let y = -107 + 51. Suppose -4*m + 246 = -566. Let d = m + y. List the prime factors of d.
3, 7
Suppose -u + 6914 = -3*f, -41*u + 34552 = -36*u + 3*f. List the prime factors of u.
6911
Suppose 14*a = -5*j + 9*a + 25125, j - a = 5029. What are the prime factors of j?
11, 457
Let y = 4544 - 1836. Let a = -1518 + y. List the prime factors of a.
2, 5, 7, 17
Let v(f) = 189*f**2 - 60*f + 177. What are the prime factors of v(3)?
2, 3, 283
List the prime factors of 215 - -9772 - (14 + 0).
9973
Let j(c) = 18780*c**3 + 20*c**2 - 22*c + 3. What are the prime factors of j(1)?
7, 2683
Let p(d) = 16*d**2 - 131*d + 5134. What are the prime factors of p(52)?
2, 3, 29, 239
Let x(o) = -817*o**3 - 5*o**2 - 30*o - 67. What are the prime factors of x(-2)?
23, 283
Let c(h) = h**2 - h - 1. Let n(u) = -u**3 + 15*u**2 - 10*u + 2. Let s(d) = -4*c(d) + n(d). What are the prime factors of s(8)?
2, 3, 5
Let m(z) = z**3 + 5*z**2 + 5*z - 2. Let a be -1 - 0 - (-12)/(-4). Let x be m(a). List the prime factors of 8/x*(-1674)/36.
2, 31
Let h = 1916 + -313. Suppose g - h = -30. What are the prime factors of g?
11, 13
Let m be (-10)/(-4)*((-1524)/(-5))/3. Let s = m - 160. Suppose 5*b - s = -2*l, 5*b = -0*b + 20. What are the prime factors of l?
37
Suppose -15 = -3*x, 1649 = -0*u - 4*u + 5*x. Let t = u - -283. Let n = t + 186. List the prime factors of n.
3, 7
Suppose 0 = -3*d + 3*c + 45, -7*d - 10 = -9*d - 2*c. Suppose d*h + 23*h = 34419. What are the prime factors of h?
7, 149
Let b be (-16)/24 - (64/(-3))/(-4). Let y be ((-2)/b)/(15/45)*0. Suppose -q - 2*q + 72 = y. What are the prime factors of q?
2, 3
Suppose 0 = 91*x - 90*x - 149. Suppose -x = 32*o - 821. What are the prime factors of o?
3, 7
Suppose 334*t + 4676500 = 533*t. List the prime factors of t.
2, 5, 47
Suppose -3*t - 12 = -6*t. Suppose 20 = -t*o, 2*v - 238 = -o + 27. List the prime factors of v.
3, 5
Let f(h) = -2281*h + 5516. What are the prime factors of f(-12)?
2, 4111
Suppose -350383 = -25*i + 90455 + 260087. List the prime factors of i.
23, 53
Let i(f) = -f + 14. Suppose -4*v = -3*g + 6*g + 13, 7 = -2*v - g. Let x be i(v). What are the prime factors of x/(-12) + 315/2?
2, 3, 13
Let d(t) = -3*t + 7*t - 434 + 436. Let j be d(4). What are the prime factors of 0/2 + 70 + j?
2, 11
Suppose 0 = -2020*l + 1999*l + 266616. List the prime factors of l.
2, 3, 23
Suppose 0 = w + 19*o - 16*o - 22, -5*w - 3*o + 86 = 0. Suppose -w*k + 4833 = -2175. List the prime factors of k.
2, 3, 73
Let r = 160 + -138. Suppose r*a + 328 = j + 21*a, -2*j = 3*a - 676. List the prime factors of j.
2, 83
Suppose -i = 23*i + 23*i - 2913342. What are the prime factors of i?
2, 3, 10331
List the prime factors of (196/6)/((-4)/(-8610)) - (-48)/6.
3, 11, 2131
What are the prime factors of (-60366)/(-8) + -2 + 90/360?
2, 23, 41
Suppose -80*r = -67*r - 234. Suppose 5*g - 1286 = -s, 5*s - 23*g - 6280 = -r*g. List the prime factors of s.
13, 97
Let z = -253 + -122. Let f = z - -1706. Suppose -w + f = 10*w. What are the prime factors of w?
11
Let l = 13 + 4. Suppose 48 = 13*s - l*s. Let q(u) = u**2 + 6*u + 15. What are the prime factors of q(s)?
3, 29
Suppose k + 2*o - 21360 = 7977, -2*k - 2*o + 58678 = 0. List the prime factors of k.
13, 37, 61
Let l = 10954 + 19668. List the prime factors of l.
2, 61, 251
Suppose -d + 4 = 0, d + 3 - 21 = 2*r. Let n be (19 - -1)*13/(-2)*r. List the prime factors of n/12 + -4 + 2/12.
2, 3
Let l = 99029 + -41307. List the prime factors of l.
2, 7, 19, 31
Suppose 45 = 4*v - 7. Suppose 3*b - 9*u - 3341 = -v*u, 2 = -2*u. List the prime factors of b.
5, 223
Let p(z) be the third derivative of -z**4/2 + 29*z**3/6 - 31*z**2. Let c be p(-7). Let f = c + -48. List the prime factors of f.
5, 13
Suppose 13*c + 2209 + 5591 = 0. What are the prime factors of (25/(-3))/(4/c)?
2, 5
Let z(h) = 858*h**2 - 164*h - 976. What are the prime factors of z(-6)?
2, 1